ase 13.
320b
What is -1143 (base 14) in base 6?
-21515
Convert 61713 (base 8) to base 6.
314135
Convert -1353 (base 9) to base 12.
-710
Convert -5350 (base 9) to base 10.
-3933
73 (base 15) to base 2
1101100
What is 122134 (base 5) in base 14?
19b7
-b55 (base 13) to base 9
-2573
What is -1d7 (base 15) in base 8?
-653
What is -1154 (base 8) in base 13?
-389
What is 4042 (base 7) in base 14?
722
What is 132cc (base 14) in base 3?
2101202220
533 (base 7) to base 2
100001101
-13032 (base 5) to base 7
-2652
What is 1200100 (base 4) in base 3?
22110011
2211120 (base 5) to base 16
958d
-90a2 (base 13) to base 11
-13a56
1789 (base 13) to base 16
da5
What is 1110100110 (base 2) in base 5?
12214
Convert -22113 (base 9) to base 14.
-54c1
10a5b (base 14) to base 8
117011
What is -6002 (base 9) in base 14?
-1848
Convert -1265 (base 7) to base 16.
-1e8
What is -e56 (base 15) in base 12?
-1a53
Convert -78 (base 16) to base 8.
-170
Convert -1725 (base 8) to base 3.
-1100100
What is -69f (base 16) in base 7?
-4641
What is 967 (base 13) in base 6?
11234
Convert 111035 (base 7) to base 14.
71c5
-22837 (base 11) to base 8
-100270
2389 (base 10) to base 14
c29
-b5 (base 15) to base 16
-aa
Convert -15bd1 (base 14) to base 11.
-37a23
-7e6 (base 15) to base 7
-5136
-23310 (base 4) to base 6
-3300
Convert 10450 (base 6) to base 16.
5be
Convert -1112002 (base 3) to base 12.
-785
4520 (base 8) to base 7
6644
Convert -221021111 (base 3) to base 2.
-100011111111011
What is 2000201111 (base 3) in base 9?
60644
23969 (base 12) to base 7
260016
What is 46 (base 12) in base 10?
54
a2 (base 16) to base 7
321
What is -317 (base 13) in base 9?
-645
-524231 (base 6) to base 13
-16408
Convert 15a2 (base 12) to base 7.
10331
What is -96 (base 16) in base 13?
-b7
18677 (base 10) to base 12
a985
Convert -1223 (base 4) to base 15.
-72
1022 (base 3) to base 15
25
Convert c21d (base 14) to base 9.
50662
Convert -229 (base 12) to base 2.
-101000001
438a (base 14) to base 5
333221
What is 1402 (base 16) in base 12?
2b6a
Convert -1001111 (base 2) to base 3.
-2221
Convert -68 (base 10) to base 16.
-44
-3c0 (base 16) to base 11
-7a3
Convert d45c (base 14) to base 8.
107272
Convert -1046 (base 15) to base 9.
-4643
Convert 150c (base 14) to base 6.
25144
Convert -2055 (base 9) to base 10.
-1508
Convert -1a37 (base 16) to base 11.
-5051
100101012 (base 3) to base 11
5155
Convert -30811 (base 10) to base 14.
-b32b
What is -32422 (base 5) in base 6?
-14205
What is 15640 (base 8) in base 11?
534a
What is -100030 (base 5) in base 2?
-110001000100
Convert 9ca (base 15) to base 11.
1734
What is 1000111000000 (base 2) in base 15?
152e
Convert 11 (base 3) to base 10.
4
What is -3c0 (base 14) in base 10?
-756
Convert 1230 (base 5) to base 14.
d8
70 (base 15) to base 6
253
What is -615 (base 10) in base 8?
-1147
23521 (base 7) to base 14
2311
Convert 17563 (base 12) to base 14.
c37d
What is 121 (base 14) in base 12?
169
-400 (base 12) to base 6
-2400
What is 7132 (base 8) in base 4?
321122
Convert -1617 (base 8) to base 5.
-12121
What is 2398 (base 16) in base 6?
110104
What is 142643 (base 7) in base 12?
13a52
What is 64302 (base 8) in base 14?
9ab8
Convert 6500 (base 7) to base 8.
4377
Convert -9513 (base 11) to base 3.
-122021121
582 (base 10) to base 16
246
Convert -47b (base 15) to base 6.
-4412
What is -a31 (base 15) in base 4?
-203320
What is 475 (base 11) in base 3?
202222
Convert -222022 (base 3) to base 2.
-1011000110
What is -220001102 (base 3) in base 10?
-17534
Convert 1101100111000 (base 2) to base 16.
1b38
Convert -218 (base 13) to base 14.
-1b9
376 (base 9) to base 2
100111000
2036 (base 15) to base 11
5123
31132 (base 4) to base 3
1011221
Convert 32142 (base 6) to base 11.
3324
1001001111 (base 2) to base 16
24f
-137 (base 13) to base 11
-186
Convert 1409 (base 15) to base 14.
17c0
Convert -1b31 (base 13) to base 11.
-3094
What is -1244 (base 6) in base 7?
-631
What is -19b1 (base 13) in base 11?
-29a1
Convert -4110 (base 5) to base 12.
-382
-12280 (base 9) to base 2
-10000000111101
2318 (base 9) to base 5
23333
-105011 (base 7) to base 4
-10201202
What is 3101030 (base 4) in base 13?
612b
11102100 (base 3) to base 7
12252
Convert -3 (base 7) to base 11.
-3
What is -3228 (base 13) in base 11?
-5260
What is -2538 (base 16) in base 13?
-444c
What is 1110010100011 (base 2) in base 4?
1302203
What is -30444 (base 6) in base 9?
-5511
Convert -101011101 (base 2) to base 12.
-251
What is -10442 (base 7) in base 9?
-3538
What is -21833 (base 9) in base 14?
-541b
Convert -9d7 (base 14) to base 5.
-30303
-37 (base 14) to base 15
-34
What is -100110000 (base 2) in base 6?
-1224
2419 (base 16) to base 4
2100121
-109 (base 10) to base 7
-214
Convert -67515 (base 8) to base 3.
-1110002022
Convert 2350 (base 6) to base 9.
703
What is c379 (base 14) in base 11?
23297
What is 3111030 (base 4) in base 5?
414034
Convert -1322133 (base 4) to base 14.
-2bdd
10100110100 (base 2) to base 10
1332
-12321003 (base 4) to base 2
-110111001000011
10068 (base 10) to base 4
2131110
What is 38693 (base 10) in base 12?
1a485
Convert 121102211 (base 3) to base 4.
2323033
Convert -1110101011 (base 2) to base 13.
-573
Convert -142131 (base 6) to base 3.
-200110001
222 (base 12) to base 2
100111010
What is -659 (base 12) in base 14?
-4a9
What is 1807 (base 14) in base 11?
3277
What is -6cc (base 16) in base 12?
-1010
Convert -1345 (base 15) to base 8.
-10023
Convert 333223 (base 5) to base 6.
130040
What is 334131 (base 5) in base 3?
121011201
Convert 4189 (base 10) to base 13.
1ba3
Convert 12212221 (base 3) to base 4.
1003003
1760 (base 8) to base 5
13013
What is 1f8 (base 16) in base 6?
2200
What is 1211001100 (base 3) in base 12?
18839
-6128 (base 9) to base 7
-16031
27 (base 13) to base 5
113
Convert -1d65 (base 15) to base 2.
-1100011111011
What is -2121011010 (base 3) in base 16?
-c7c5
What is 77767 (base 8) in base 16?
7ff7
Convert -b834 (base 14) to base 15.
-964d
What is 57b8 (base 12) in base 6?
113152
-11510 (base 6) to base 4
-122202
34013 (base 8) to base 3
201200101
718 (base 13) to base 6
5324
What is -109 (base 16) in base 12?
-1a1
Convert -29674 (base 12) to base 14.
-171b2
Convert 1151 (base 10) to base 4.
101333
Convert -315 (base 13) to base 5.
-4100
Convert -2023 (base 6) to base 11.
-377
What is -1db (base 15) in base 5?
-3211
Convert 11312033 (base 4) to base 16.
5d8f
143323 (base 8) to base 14
14799
Convert -2032030 (base 4) to base 10.
-9100
34126 (base 9) to base 15
6ad9
-2333 (base 10) to base 4
-210131
Convert -1bc (base 15) to base 7.
-1113
1275 (base 13) to base 10
2631
What is 5320 (base 7) in base 15?
851
Convert b5b (base 14) to base 4.
202331
10301 (base 4) to base 10
305
Convert -12345 (base 10) to base 4.
-3000321
What is 2454 (base 6) in base 2?
1001100010
What is 285 (base 11) in base 15?
175
Convert -221120001 (base 3) to base 9.
-27501
-531322 (base 6) to base 14
-119d0
What is 10756 (base 10) in base 3?
112202101
24e7 (base 15) to base 16
1ebb
Convert 387 (base 15) to base 6.
3414
What is 13360 (base 7) in base 2?
111000100011
Convert 1295 (base 13) to base 15.
bc2
67c (base 14) to base 6
5542
-798 (base 13) to base 10
-1308
377 (base 16) to base 14
475
What is -1332 (base 7) in base 4?
-20001
Convert -22162 (base 8) to base 6.
-111110
105771 (base 8) to base 15
a93d
-30100 (base 6) to base 2
-111101010100
Convert 495 (base 10) to base 15.
230
Convert -42404 (base 5) to base 12.
-179a
Convert -392 (base 10) to base 6.
-1452
What is -4345 (base 9) in base 11?
-244a
What is -86d (base 15) in base 6?
-12451
Convert 130011 (base 4) to base 8.
3405
What is 12323 (base 4) in base 10?
443
Convert -2896 (base 11) to base 10.
-3735
150a (base 11) to base 3
2200002
What is -130030 (base 5) in base 11?
-384a
Convert 2c (base 13) to base 12.
32
Convert 100112102 (base 3) to base 6.
52102
What is -10256 (base 7) in base 12?
-1578
What is 11053 (base 8) in base 2?
1001000101011
10442 (base 5) to base 10
747
Convert 10113 (base 4) to base 16.
117
-110011 (base 2) to base 4
-303
Convert 143 (base 11) to base 16.
a8
What is -9c87 (base 13) in base 2?
-101010110011000
What is -20202 (base 4) in base 6?
-2310
Convert -112333 (base 5) to base 16.
-ffd
What is 111000110010101 (base 2) in base 16?
71